 2*b**2 - 5*b + 7 + 7*b**2 + 4*b**3. Let w be o(3). What is the greatest common divisor of w and 28?
28
Let x(r) = -249*r - 273. Let c be x(-7). Calculate the greatest common divisor of 30 and c.
30
Suppose -2*l = t + 20, 2*t = -l + 4*t - 10. Let y = 11 + l. Suppose -4*o + 15 = 5*d + o, 0 = -2*d - 4*o + 10. What is the greatest common factor of d and y?
1
Let o be (-1)/2 + (-54)/(-4). Let c(i) = -2*i + 78. Let j be c(26). What is the greatest common factor of o and j?
13
Suppose 23948 + 232 = 60*y. What is the greatest common factor of 62 and y?
31
Let k(p) = 5*p + 14 + 8*p**2 - 6*p - 7*p**2 - 12*p. Let l be (-201)/(-15) + (-4)/10. Let o be k(l). What is the highest common factor of o and 98?
14
Let d(m) = -m + 1. Let q be d(-3). Suppose -21 = q*z - 385. Let s = z + -28. Calculate the greatest common factor of 7 and s.
7
Suppose 0 = 8*b + 32 - 1904. What is the greatest common divisor of b and 390?
78
Let x(o) = o**2 - 2*o + 25. Suppose -5*z + 3*n + 2 = 12, 3*z + 25 = -2*n. Let r be x(z). What is the highest common factor of r and 20?
20
Let l be 17/((-221)/(-52)) - -24. Calculate the highest common divisor of l and 700.
28
Suppose -4*i - 16 = 0, -3*m + 24 = 3*i + 87. Let t = -28 + m. Let f = t + 80. Calculate the greatest common divisor of 5 and f.
5
Let l(a) be the first derivative of a**4/4 + 8*a**3/3 + a**2 - 26*a + 38. Let q be l(-7). What is the greatest common divisor of q and 6?
3
Let l = -1121 - -1358. What is the greatest common factor of 79 and l?
79
Suppose -3*y + 6 = -12. Let m(t) = t**3 - 6*t**2 + 3*t - 4. Let w be m(y). Let g be 4*w/(-4)*-2. Calculate the highest common divisor of 7 and g.
7
Let l be ((-8)/28*1)/(1/(-7)). Calculate the greatest common factor of 50 and l.
2
Let y = 30 + -45. Let f = y - -42. Calculate the greatest common divisor of f and 9.
9
Let w be (-1)/4 + 75/12. Let s be (-38)/(-8) - (7/(-28) - 0). Suppose 3*d - 4*k = -k, 2*d - 14 = -s*k. What is the highest common divisor of d and w?
2
Suppose 0 = 5*h - 5*w + 7*w - 954, 4*h + 5*w = 753. What is the greatest common divisor of 12 and h?
12
Let i be ((-16)/4 - -7) + 0. Suppose 199 + 38 = i*l. Suppose -2*g + 7*g - 4*a = l, -5*g = -3*a - 83. What is the greatest common divisor of 152 and g?
19
Let r(d) = 7*d**3 + 3*d**2 + d - 4. Let w be r(-2). Let o = -36 - w. What is the highest common divisor of o and 7?
7
Let z(i) = -5*i + 6. Let n be z(1). Let y(d) = -d + 1. Let o be y(-6). What is the highest common divisor of n and o?
1
Let o(z) = -57*z - 142. Let r be o(-6). Calculate the greatest common factor of r and 160.
40
Let i(z) = -z**2 - z + 2. Let r be i(-1). Suppose -71 = -4*k - n, -r*k = k - 3*n - 42. Calculate the greatest common divisor of 17 and k.
17
Let s = -28 - -32. Let r = 35 - 35. Suppose -6*n + 41 + 19 = r. Calculate the greatest common divisor of s and n.
2
Let c(o) = -o**3 + 6*o**2 + 32*o - 144. Let y be c(6). What is the highest common divisor of 912 and y?
48
Let i = 1379 + -898. Calculate the greatest common factor of i and 74.
37
Suppose -40 = -m - 43. Let h be 2/m + -83*3/(-9). Calculate the highest common divisor of 3 and h.
3
Let p = 19 + -28. Let x(q) = -2*q - 16. Let z be x(p). What is the greatest common factor of z and 8?
2
Let p be ((-1740)/50)/((-24)/(-5) + -5). What is the highest common factor of p and 406?
58
Suppose -207 = -4*g + 2*a - 7*a, 189 = 4*g - a. Suppose -10*s + g = -2*s. What is the greatest common factor of s and 6?
6
Let v be (38 - 40) + (0 - 62*-1). Calculate the greatest common divisor of v and 390.
30
Let s(m) = 3*m**3 + m**2 - 3*m. Let c be s(3). Suppose -4*z + 0*f - 5*f = -516, -f = -2*z + 244. Let g = 151 - z. What is the greatest common factor of c and g?
27
Suppose -12*r + 622 - 70 = 0. Suppose 0 = 5*o + 2*v - v - 7, 5*v - 14 = -4*o. Let z be 2 - -113*o/1. What is the highest common factor of r and z?
23
Let s be 1104/180 - 4/30. Suppose -b - 4 = -2*b. Suppose 0 = b*f - 182 - 10. Calculate the highest common factor of s and f.
6
Suppose 0 = -4*a - m + 278, 2*a - 134 = -2*m + 8. Suppose 0 = g + 41 - a. What is the greatest common factor of 21 and g?
7
Let k(l) = -l**3 + 5*l**2 - 4*l + 6. Let m be k(3). What is the greatest common divisor of 264 and m?
12
Let g = -560 + 612. Calculate the greatest common divisor of 91 and g.
13
Let r be 2873*(-3 - (-1)/(4/16)). What is the greatest common factor of r and 17?
17
Let w = -211 - -355. Suppose 4*s = 2*h + 118, 0*h + 76 = 3*s + h. Suppose -4*f + s*f - 828 = 0. Calculate the highest common divisor of w and f.
36
Let p be -3 + (1 - -88 - 3). Let b = p + -74. What is the highest common divisor of b and 207?
9
Let a be (-5165)/35 - 6/14. Let o be a/(-6) - 4/6. Calculate the greatest common factor of 16 and o.
8
Suppose 5*a - 420 = -0*a. Suppose -r + 64 = 4*r - t, 0 = -t - 4. What is the highest common divisor of a and r?
12
Suppose 6 + 12 = 2*d. Suppose d = h - 1. Suppose 4*y = 19 + 21. What is the greatest common factor of h and y?
10
Let h = 26 + 4. Let c be ((-216)/h)/(6/(-15)). Calculate the greatest common divisor of c and 144.
18
Let g = 12874 + -12873. Suppose -6*l + 3*l + 21 = -3*r, -4*l = 2*r + 2. What is the greatest common factor of l and g?
1
Let y be (-2)/((-10)/55*1). Let p = 21 - y. What is the greatest common divisor of 5 and p?
5
Suppose 3*v + 15 = 0, 32 = 2*w - w - 3*v. Calculate the highest common factor of w and 493.
17
Let b be (-1)/(-2) - 6955/(-26) - 3. Let h = b - -71. What is the greatest common divisor of h and 42?
42
Let x be ((-15)/(-6))/(-1*(-6)/12). What is the greatest common factor of x and 160?
5
Suppose -5*c - 5*f + 25 = 0, -7*c + 2*c = 4*f - 25. Calculate the greatest common divisor of c and 25.
5
Suppose -d = 4*x - 398, 19*x = 23*x + 8. What is the greatest common factor of 28 and d?
14
Let u = 4300 - 4253. Let r be 94/5*1*10. Calculate the highest common divisor of r and u.
47
Let f(a) = -a**3 - 5*a**2 + 6*a + 6. Let r be f(-6). Let w be 16/r*(-6)/(-4). Let h = w - -9. What is the highest common divisor of h and 26?
13
Let z(l) = 3*l**2 + 11*l - 26. Let h be z(2). What is the greatest common divisor of 16 and h?
8
Let q = -175 - -177. What is the highest common factor of q and 16?
2
Suppose -6 = 2*w - 46. What is the highest common factor of w and 12?
4
Suppose 5*h - 2*j = 219, 0*j + 4*j + 123 = 3*h. Calculate the highest common factor of h and 36.
9
Let s = 185 + 215. What is the highest common divisor of s and 144?
16
Suppose 5*c = -7*g + 11*g - 1738, -4 = 2*c. Calculate the highest common factor of 112 and g.
16
Let f(c) = -17 + 12*c - 17*c + 8*c. Let l be f(5). Let i be (-10)/((-6)/3) + l. What is the highest common divisor of 3 and i?
3
Let d = 23 + -13. Let v be 19/(285/(-255)) + 57. Calculate the highest common factor of d and v.
10
Suppose -5*r + 8 + 12 = 0. Let b(o) = -3 + 0 - o + r*o. Let j be b(6). What is the highest common factor of 30 and j?
15
Let g be (114/8)/((130/10)/156). What is the greatest common factor of 38 and g?
19
Let o be (10030/(-413))/((-1)/7). Calculate the greatest common factor of o and 20.
10
Let q = 27 + -17. Suppose 9 = 3*z - 0*z + w, 0 = -5*z + w + 7. Suppose -3*f = 4*n - 190, 8*f - 360 = 3*f + z*n. What is the greatest common divisor of q and f?
10
Let n(t) = t**2 - 13*t + 1. Let w(p) = p**3 + 21*p**2 - p - 8. Let i be w(-21). Let v be n(i). Calculate the greatest common factor of 9 and v.
1
Suppose 0 = 3*p + 4*n - 484, -n + 0*n + 641 = 4*p. Let b be 10/2 - (13 + (-224)/8). What is the highest common divisor of p and b?
20
Let n(r) = r**2 - 4 + 2*r + 21*r**2 + 7 - 2. Let d be n(-1). Suppose -5*x = -0*l + 4*l - 697, l - 4*x = 148. Calculate the highest common divisor of d and l.
21
Let b be (1*(-2)/(-6))/(2/84). Let m be 8/4 + b + (4 - 2). Calculate the highest common factor of 24 and m.
6
Let a be (0 + 2)/(2/16). Let t be (616/33)/((-1)/(-18)). Suppose -6*r + 3*r = -t. What is the highest common divisor of a and r?
16
Let r(f) = 12*f**2 + 20*f - 21. Let y be r(1). Let n = -163 - -339. Calculate the highest common factor of n and y.
11
Suppose 3*u - 1187 = -2*b, -5*u + 4*b + 2681 = 666. Calculate the highest common divisor of 21 and u.
21
Let f(b) = -b**3 + 38*b**2 + 2*b - 68. Let g be f(38). Calculate the highest common factor of 104 and g.
8
Let o be (-136)/(-340) + (-18)/(-5). Calculate the 